y 42.
38
What is the remainder when 319 is divided by 17?
13
What is the remainder when 31492 is divided by 248?
244
What is the remainder when 86 is divided by 7?
2
Calculate the remainder when 490 is divided by 201.
88
Calculate the remainder when 450 is divided by 11.
10
Calculate the remainder when 5278 is divided by 24.
22
What is the remainder when 3165 is divided by 18?
15
What is the remainder when 1219 is divided by 266?
155
Calculate the remainder when 174 is divided by 50.
24
What is the remainder when 245 is divided by 14?
7
Calculate the remainder when 113 is divided by 9.
5
What is the remainder when 2985 is divided by 26?
21
What is the remainder when 670 is divided by 112?
110
What is the remainder when 149 is divided by 17?
13
Calculate the remainder when 121 is divided by 34.
19
What is the remainder when 1241 is divided by 307?
13
What is the remainder when 382 is divided by 369?
13
What is the remainder when 304 is divided by 78?
70
Calculate the remainder when 1000 is divided by 125.
0
Calculate the remainder when 10052 is divided by 437.
1
What is the remainder when 321 is divided by 118?
85
What is the remainder when 4507 is divided by 32?
27
Calculate the remainder when 635 is divided by 24.
11
What is the remainder when 558 is divided by 17?
14
Calculate the remainder when 5301 is divided by 136.
133
Calculate the remainder when 59 is divided by 45.
14
Calculate the remainder when 2167 is divided by 112.
39
Calculate the remainder when 8698 is divided by 20.
18
Calculate the remainder when 6367 is divided by 35.
32
Calculate the remainder when 264 is divided by 62.
16
What is the remainder when 1043 is divided by 7?
0
What is the remainder when 687 is divided by 679?
8
What is the remainder when 429 is divided by 48?
45
Calculate the remainder when 81 is divided by 65.
16
Calculate the remainder when 218 is divided by 30.
8
Calculate the remainder when 138 is divided by 4.
2
What is the remainder when 254 is divided by 32?
30
What is the remainder when 7862 is divided by 2617?
11
Calculate the remainder when 60 is divided by 44.
16
Calculate the remainder when 148 is divided by 63.
22
What is the remainder when 36 is divided by 2?
0
What is the remainder when 686 is divided by 7?
0
Calculate the remainder when 417 is divided by 84.
81
Calculate the remainder when 123 is divided by 4.
3
What is the remainder when 91 is divided by 47?
44
Calculate the remainder when 526 is divided by 172.
10
Calculate the remainder when 1556 is divided by 13.
9
What is the remainder when 171 is divided by 54?
9
What is the remainder when 2059 is divided by 185?
24
Calculate the remainder when 70 is divided by 20.
10
What is the remainder when 110 is divided by 32?
14
What is the remainder when 548 is divided by 23?
19
Calculate the remainder when 4904 is divided by 45.
44
What is the remainder when 264 is divided by 6?
0
What is the remainder when 230 is divided by 13?
9
Calculate the remainder when 3899 is divided by 31.
24
Calculate the remainder when 1526 is divided by 21.
14
Calculate the remainder when 332 is divided by 56.
52
What is the remainder when 574 is divided by 525?
49
What is the remainder when 123 is divided by 9?
6
Calculate the remainder when 1288 is divided by 215.
213
Calculate the remainder when 687 is divided by 29.
20
Calculate the remainder when 28 is divided by 15.
13
What is the remainder when 288 is divided by 15?
3
What is the remainder when 1085 is divided by 91?
84
What is the remainder when 6194 is divided by 20?
14
Calculate the remainder when 1484 is divided by 8.
4
What is the remainder when 40 is divided by 40?
0
Calculate the remainder when 3995 is divided by 50.
45
What is the remainder when 1037 is divided by 80?
77
What is the remainder when 2372 is divided by 45?
32
Calculate the remainder when 21403 is divided by 11.
8
What is the remainder when 2638 is divided by 30?
28
Calculate the remainder when 312 is divided by 9.
6
What is the remainder when 2399 is divided by 67?
54
What is the remainder when 573 is divided by 98?
83
What is the remainder when 656 is divided by 62?
36
What is the remainder when 605 is divided by 87?
83
Calculate the remainder when 260 is divided by 45.
35
Calculate the remainder when 3615 is divided by 11.
7
Calculate the remainder when 245 is divided by 18.
11
Calculate the remainder when 189 is divided by 11.
2
Calculate the remainder when 45 is divided by 13.
6
What is the remainder when 4 is divided by 2?
0
What is the remainder when 157 is divided by 140?
17
Calculate the remainder when 923 is divided by 183.
8
What is the remainder when 1011 is divided by 5?
1
Calculate the remainder when 233 is divided by 76.
5
What is the remainder when 303 is divided by 264?
39
What is the remainder when 355 is divided by 8?
3
What is the remainder when 109 is divided by 88?
21
What is the remainder when 7977 is divided by 14?
11
Calculate the remainder when 5992 is divided by 81.
79
Calculate the remainder when 132 is divided by 28.
20
What is the remainder when 271 is divided by 71?
58
What is the remainder when 3911 is divided by 13?
11
What is the remainder when 100 is divided by 77?
23
Calculate the remainder when 388 is divided by 23.
20
What is the remainder when 4832 is divided by 9?
8
Calculate the remainder when 461 is divided by 157.
147
Calculate the remainder when 839 is divided by 20.
19
Calculate the remainder when 76 is divided by 27.
22
Calculate the remainder when 183 is divided by 37.
35
Calculate the remainder when 487 is divided by 35.
32
What is the remainder when 9965 is divided by 14?
11
Calculate the remainder when 1412 is divided by 118.
114
Calculate the remainder when 461 is divided by 117.
110
What is the remainder when 2523 is divided by 65?
53
What is the remainder when 2910 is divided by 31?
27
What is the remainder when 7644 is divided by 3820?
4
What is the remainder when 86 is divided by 34?
18
Calculate the remainder when 16 is divided by 3.
1
Calculate the remainder when 31 is divided by 28.
3
Calculate the remainder when 621 is divided by 12.
9
Calculate the remainder when 4463 is divided by 154.
151
What is the remainder when 338 is divided by 18?
14
What is the remainder when 2707 is divided by 384?
19
What is the remainder when 268 is divided by 64?
12
What is the remainder when 1084 is divided by 49?
6
Calculate the remainder when 1255 is divided by 160.
135
Calculate the remainder when 180 is divided by 9.
0
Calculate the remainder when 442 is divided by 111.
109
Calculate the remainder when 410 is divided by 36.
14
Calculate the remainder when 356 is divided by 54.
32
What is the remainder when 197 is divided by 11?
10
What is the remainder when 290 is divided by 73?
71
Calculate the remainder when 5986 is divided by 16.
2
What is the remainder when 908 is divided by 12?
8
Calculate the remainder when 237 is divided by 104.
29
Calculate the remainder when 185 is divided by 49.
38
What is the remainder when 246 is divided by 71?
33
What is the remainder when 473 is divided by 53?
49
What is the remainder when 2038 is divided by 17?
15
Calculate the remainder when 2189 is divided by 146.
145
What is the remainder when 6882 is divided by 28?
22
What is the remainder when 67 is divided by 35?
32
Calculate the remainder when 208 is divided by 26.
0
What is the remainder when 188 is divided by 28?
20
Calculate the remainder when 562 is divided by 94.
92
What is the remainder when 151 is divided by 12?
7
Calculate the remainder when 8753 is divided by 21.
17
What is the remainder when 358 is divided by 119?
1
Calculate the remainder when 543 is divided by 170.
33
What is the remainder when 329 is divided by 55?
54
What is the remainder when 450 is divided by 73?
12
What is the remainder when 1229 is divided by 8?
5
What is the remainder when 7 is divided by 6?
1
Calculate the remainder when 178 is divided by 22.
2
What is the remainder when 214 is divided by 9?
7
Calculate the remainder when 1976 is divided by 67.
33
What is the remainder when 243 is divided by 6?
3
What is the remainder when 383 is divided by 24?
23
Calculate the remainder when 158 is divided by 20.
18
What is the remainder when 982 is divided by 301?
79
What is the rema